Let d = 3 - a. Suppose d = 2*f - 7. What is the units digit of f?
8
Let l(x) = -x. Let v(r) = -202*r + 8. Let h(a) = -3*l(a) + v(a). What is the units digit of h(-1)?
7
Suppose -5*z + 0*z = 3*f + 23, 22 = -2*f - 2*z. Let m be (f - -7)/(3/(-2)). Suppose m*i - 120 = 90. What is the units digit of i?
5
Let t be 1/(1 - 0 - (-21 - -21)). What is the units digit of 0/(-2) + t - -29?
0
Suppose 4*k = -2*m + 1172, -2*k = -4*k + 4*m + 596. Let j = k - 51. What is the units digit of j?
3
What is the hundreds digit of (7272/(-14))/2*(11 + -18)?
8
Let w = -126 - -52. Let a = 117 + w. What is the units digit of a?
3
Suppose 0 = 4*k - 111 - 1. Let q(v) = 19*v**2 + k*v**3 + 25*v**2 - v - 43*v**2. What is the units digit of q(1)?
8
Let b = 22 + -23. Let x be 42/(-18)*(b - 2). What is the units digit of (-3)/1*(x - 16)?
7
Suppose 176 + 156 = -4*f. Let d be 82/984 + 3170/(-24). Let i = f - d. What is the tens digit of i?
4
Suppose -v = -2*w - 3*w + 31, 4*w + 5*v = 48. Let n = 7 - w. Suppose -5*u + 4*g - 59 + 157 = n, 3*u - g = 63. What is the tens digit of u?
2
Suppose -26*o = -4*o - 78738. What is the units digit of o?
9
Let n be -4 + -138*(-4 + 2). Suppose 4*x = d + 3*x - 71, -x - n = -4*d. What is the units digit of d?
7
Let x be 2/5 - 4/10. Suppose 4*t + 5*y - 4 = 0, 9 = -5*y - 11. Let j = x + t. What is the units digit of j?
6
What is the tens digit of (-29)/((-435)/30) - (-1450 - 0)?
5
Suppose 15*w + 4*i = 17*w - 1572, -w + i + 782 = 0. What is the hundreds digit of w?
7
Let y = 4173 + -654. What is the tens digit of y?
1
Suppose 5*d + 14 = -4*h, -49*d + 5*h + 13 = -53*d. Let m be 5*(-4)/(-5)*-3. What is the units digit of (4 + m)/(d/2)?
8
Suppose -3*d + 127 = -2*k, -2 + 1 = -k. What is the tens digit of d?
4
Let n = -27 + 27. Suppose n = -6*g + 89 + 163. What is the tens digit of g?
4
Suppose -10*k - 17*k + 37287 = 0. What is the units digit of k?
1
Suppose -5*g = -20 - 0. Let b = 271 + -171. Suppose d + 3 + 29 = f, b = g*f + 3*d. What is the units digit of f?
8
Suppose 76 = -16*g + 14*g. Let x = g + 55. What is the tens digit of x?
1
Suppose -5*p + 8*p - 4*g = 3103, 3*p = 2*g + 3101. Suppose -3*l = 3769 - p. What is the units digit of l/(-14) - 2/14?
5
Let y(n) = 11*n**2 + 69*n - 8. Let x(u) = -5*u**2 - 34*u + 4. Let i(t) = -13*x(t) - 6*y(t). What is the units digit of i(17)?
3
Let q = 75 + -75. Suppose 5*u - 27 - 23 = -5*y, -u - 2 = q. What is the tens digit of y?
1
Suppose 3*j = v - 133, -j + 117 = -3*v + 4*v. Suppose -8*p + 1233 - v = 0. What is the units digit of p?
9
Suppose 41 = 3*h + 3*v - 22, -4*v = h - 27. Suppose u + 2*t = 39 + h, 2*t - 274 = -5*u. What is the tens digit of u?
5
Let k = -22 + 19. What is the tens digit of k + 121 + -6 + 3?
1
Let x(r) = -12 - 8 + r**3 - 3*r + r**2 + 21. Let w be x(2). Suppose -4*m + 5*t - 17 = 0, w = 2*m + 2*t - 7. What is the units digit of m?
2
Let b = 3139 + -1147. What is the hundreds digit of b?
9
Let f(k) = 5*k - 15. Let w be f(3). Suppose l + 21 - 66 = w. What is the tens digit of l?
4
Let t(i) = 146*i + 15 - 156*i + 17. What is the tens digit of t(-7)?
0
Let h(x) = x**3 - 10*x**2 - x + 13. Let p be h(10). Suppose 2*j = -p*j + 5. What is the units digit of 168/(j - -3) + -2?
0
Let o be (-9)/(9/4) - (-33 - 1). Suppose -35*j + 625 = -o*j. What is the tens digit of j?
2
Let x = -64 + 34. Let c be (3924/x)/(6/(-40)). What is the units digit of c/44 - (-4)/22?
0
Let v(a) = a**3 - a**2 - 47*a - 34. What is the thousands digit of v(14)?
1
Suppose -i = 5*b + 12, 5*i - 4*b = -7*b + 6. Suppose -i = y - 8. Suppose 4*n - 2*n = p + 15, -3*n + y*p = -33. What is the units digit of n?
6
Let d(i) = i - 3. Let q(y) = 2*y - 6. Let s(v) = -5*d(v) + 2*q(v). Let k be s(3). What is the units digit of (-6 - -12)/(1 - k)?
6
Let s be 1 - -1 - 75/(-3). Let i be -235*(4/(-4) + (-10)/(-25)). Suppose 4*m = i + s. What is the tens digit of m?
4
Suppose -4*y - 95 = -1011. Suppose 0 = 5*n + 5*k - 470, 3*n - 5*k - 13 = y. What is the units digit of n?
9
Suppose -h - 36 = -745. What is the units digit of h?
9
Let v = -20 + 18. Let k be v/3 - (-10)/6. Suppose -2*i - k + 43 = 0. What is the units digit of i?
1
Let h = 379 + 4049. What is the tens digit of h?
2
Let g(l) = 2*l - 7. Let r be g(11). Let y = r - 13. Suppose -2*p = -4*k + 41 + 39, 4*k - 96 = -y*p. What is the units digit of k?
2
Let f(k) = -2*k**3 + 6*k - 5. Let z be f(2). Let v(h) = -h**3 - 7*h**2 - 14. What is the hundreds digit of v(z)?
1
Suppose 13 = -3*g + 5*i - 22, 3*i = -3*g - 3. Let q = 47 - -3. Let r = q + g. What is the units digit of r?
5
Suppose -4*a = 7*a - 11143. What is the hundreds digit of a?
0
Let w = 743 + -444. What is the tens digit of w?
9
Let r(n) = n - 1. Let f be r(5). Suppose -f*y = 6 - 14. Suppose -y*c = -3*c + 33. What is the units digit of c?
3
Let p(d) = 2*d**2 + 17*d + 467. What is the hundreds digit of p(-20)?
9
Let s = -2731 - -4420. What is the thousands digit of s?
1
Suppose 6*k - 12*k + 54 = 0. Suppose 227 + 1429 = k*q. What is the tens digit of q?
8
Let c(d) = 21*d - 3. Let f be c(4). Suppose -t = 3*s - f, s + 2*t - 19 = -t. What is the tens digit of s?
2
Suppose 0 = 5*t + c, -t - 2*c = -3*t. Suppose -5*l + t*o = 3*o - 319, o - 128 = -2*l. What is the tens digit of l?
6
Let q(a) = -5*a + 4*a**2 + 18*a - 11*a + 24. What is the tens digit of q(5)?
3
Suppose 2*y + 3*a - 48 = 0, 0 = -5*y + y - 2*a + 112. Let g be (3/(-9))/((-2)/y). Suppose r - 8 = -g. What is the units digit of r?
3
Let z(k) = -4*k - 5. Let o(p) = 8*p + 10. Let v(f) = -6*o(f) - 11*z(f). Let a be v(2). What is the units digit of (-3 - a/4)*116?
9
Let z(m) = 4*m - 6*m - 4*m**2 + 11 - 6*m + 3*m**2. Let a be z(-10). What is the tens digit of a/2*128/(-24)?
2
Let p = 30 - 45. Let v(l) be the second derivative of l**3/6 + 10*l**2 + l. What is the units digit of v(p)?
5
What is the tens digit of 3180*-7*10/(-210)?
6
Let k = 5 + -7. Let t be (-327)/k - (-66)/44. Suppose 4*c - t = -5*m, -c + 4*c = -3*m + 123. What is the units digit of c?
0
Suppose -5*y = -76 - 24. Let m = 72 - y. What is the units digit of m?
2
Suppose -3*i + i = 2*s - 10, 5*s = -2*i + 22. Suppose -s*j + 8 = -4. Suppose -j*f + 78 = -f. What is the tens digit of f?
3
Suppose -9*v - 342 = 243. Let u = 92 - v. What is the hundreds digit of u?
1
Suppose 84*n - 52*n - 155296 = 0. What is the tens digit of n?
5
Let w(z) = -5*z + 2*z + 0*z. Let m be w(-1). Suppose -m*y + n + 38 = 0, -5*n + 4*n + 28 = 3*y. What is the units digit of y?
1
Suppose -5 = -d - 11. What is the units digit of 109/2 - d/(-12)?
4
Suppose 6*f + 72 = 3*n + 3*f, f + 64 = 3*n. Suppose 5*i - 2*o - n = 0, -3*o = -0*o. What is the tens digit of (-178)/(-11) + i/(-22)?
1
Let u be (-18)/5 + 10/(-25). What is the hundreds digit of 2*-2 + (-560)/u?
1
Let u(n) = -n + 15. Let w be u(13). Suppose -5*j = w*b - 426, -b = 4*j - 240 - 102. What is the tens digit of j?
8
Let l(n) = -n**3 + 7*n**2 - 4*n - 3. Let r be l(6). Let o(f) = f**2 - 9*f + 2. Let b be o(r). What is the units digit of (1 + (-3)/b)*-2?
1
Suppose -3*a + y + 2485 = -2838, 4 = 2*y. What is the units digit of a?
5
Let o be (25/(-15))/(3/(-9)). Suppose -6 = 5*d - o*q + 9, -5*d - 7 = -3*q. What is the units digit of (d - 7/2)*-16?
0
Suppose 12168 = -162*d + 166*d. What is the units digit of d?
2
Let b(q) = -19*q - 405. What is the tens digit of b(-65)?
3
Suppose 0 = -3*s + 4*s + 77. Let c be (-1)/3 + s/(-33). Suppose -4*d + c*d + 12 = 0. What is the units digit of d?
6
Let b(c) = -c**3 - 7*c**2 - 9*c + 3. Let m be b(-5). What is the tens digit of (75/(-60))/(m/96)?
6
Suppose 1997 = 3*n - 76. What is the tens digit of n?
9
Let l(c) = 54*c + 289. What is the hundreds digit of l(24)?
5
Suppose 2*t - 5 = -t + 4*f, -t + 9 = -5*f. Let x = 4 + t. Suppose -x*c - 2 = -4*c. What is the units digit of c?
2
Suppose 5*l + 1041 = 3*y, 3*y - 4*y - 3*l + 361 = 0. What is the tens digit of y?
5
Suppose -5*w - 5 + 60 = 0. Let d = -9 + w. Suppose 9*z - 196 = d*z. What is the units digit of z?
8
Let h(o) = -9 - 3*o + 8*o**2 + 19 - 4*o**2. What is the tens digit of h(5)?
9
Let k(a) = 15*a + 22. Let p be k(9). Suppose -4*o + p - 1 = 0. What is the units digit of o?
9
Let x = -64 - -174. Let m = -34 + x. What is the units digit of m?
6
Let j(i) be the first derivative of i**3/3 - i**2 - 4*i + 5. Let g be j(4). Suppose 321 = 5*